{"id":1055,"date":"2015-09-19T19:31:10","date_gmt":"2015-09-19T17:31:10","guid":{"rendered":"http:\/\/www.anne-thewes.de\/wp\/?page_id=1055"},"modified":"2020-10-16T18:14:10","modified_gmt":"2020-10-16T16:14:10","slug":"kontakt-2","status":"publish","type":"page","link":"https:\/\/anne-thewes.de\/?page_id=1055","title":{"rendered":"Kontakt"},"content":{"rendered":"<p><strong>Praxis f\u00fcr Naturheilkunde und Kinesiologie<\/strong><br \/>\n<strong>Anne Margret Thewes, Heilpraktikerin<br \/>\n<\/strong><strong>Neuenhofer Stra\u00dfe 39 Raum 1.13a<\/strong><br \/>\n<a href=\"http:\/\/anne-thewes.de\/?page_id=15\"><strong>Villa Lindenhof <\/strong>(ehemalige Familienbildungsst\u00e4tte)<\/a><br \/>\n<strong> 42657 Solingen \u2013 H\u00f6hscheid<\/strong><\/p>\n<p><strong> 0212 \/ 230 93 64<\/strong><br \/>\n<strong>FAX \/\u00a0\u00a0\u00a0\u00a0\u00a0\u00a0\u00a0 7 15 78<br \/>\n0151 \/ 111 84 330<br \/>\n<\/strong><\/p>\n<p><strong>www.anne-thewes.de<br \/>\npraxis@anne-thewes.de<br \/>\n<\/strong><\/p>\n<p><strong>Der Eingang befindet sich an der Hauptstra\u00dfe gleich an der Haltestelle Lindenhof.<br \/>\n(Siehe Titelbild!)<\/strong><br \/>\n<strong> Parkbuchten finden Sie entlang der Neuenhofer Str. und gleich gegen\u00fcber auf der Brauereistra\u00dfe.<\/strong><\/p>\n<p><a href=\"http:\/\/anne-thewes.de\/?page_id=4706\"><strong>Termine nur nach Vereinbarung!<\/strong><\/a><\/p>\n<p><a href=\"http:\/\/anne-thewes.de\/?page_id=4706\"><strong>Kosten:<\/strong><\/a><\/p>\n<p><strong><span style=\"text-decoration: underline;\">\u00d6ffnungszeiten<\/span><\/strong><\/p>\n<p>Mo: 14:30 &#8211; 17:30 Uhr<br \/>\nDi: abwechselnd vormittags ab 9:00 oder nachmittags ab 15:00<br \/>\nMi: 9:00 &#8211; 13:00 Uhr<br \/>\nDo: 15:00 &#8211; 18:00 Uhr<br \/>\nFr: Nach Vereinbarung<\/p>\n<p>Hier k\u00f6nnen Sie sich die Anfahrt berechnen lassen (externer Link):\u00a0<a href=\"https:\/\/maps.google.com\/maps?ll=51.154803,7.06629&amp;z=18&amp;t=m&amp;hl=de&amp;gl=DE&amp;mapclient=embed&amp;daddr=Neuenhofer%20Str.%2039%2042657%20Solingen@51.1548034,7.0662899\" target=\"_blank\" rel=\"noopener\">maps.google.com<\/a><\/p>\n","protected":false},"excerpt":{"rendered":"<p>Praxis f\u00fcr Naturheilkunde und Kinesiologie Anne Margret Thewes, Heilpraktikerin Neuenhofer Stra\u00dfe 39 Raum 1.13a Villa Lindenhof (ehemalige Familienbildungsst\u00e4tte) 42657 Solingen \u2013 H\u00f6hscheid 0212 \/ 230 93 64 FAX \/\u00a0\u00a0\u00a0\u00a0\u00a0\u00a0\u00a0 7 15 78 0151 \/ 111 84 330 www.anne-thewes.de praxis@anne-thewes.de Der Eingang befindet sich an der Hauptstra\u00dfe gleich an der Haltestelle Lindenhof. (Siehe Titelbild!) Parkbuchten finden [&hellip;]<\/p>\n","protected":false},"author":2,"featured_media":3329,"parent":0,"menu_order":9,"comment_status":"closed","ping_status":"closed","template":"","meta":{"footnotes":""},"_links":{"self":[{"href":"https:\/\/anne-thewes.de\/index.php?rest_route=\/wp\/v2\/pages\/1055"}],"collection":[{"href":"https:\/\/anne-thewes.de\/index.php?rest_route=\/wp\/v2\/pages"}],"about":[{"href":"https:\/\/anne-thewes.de\/index.php?rest_route=\/wp\/v2\/types\/page"}],"author":[{"embeddable":true,"href":"https:\/\/anne-thewes.de\/index.php?rest_route=\/wp\/v2\/users\/2"}],"replies":[{"embeddable":true,"href":"https:\/\/anne-thewes.de\/index.php?rest_route=%2Fwp%2Fv2%2Fcomments&post=1055"}],"version-history":[{"count":38,"href":"https:\/\/anne-thewes.de\/index.php?rest_route=\/wp\/v2\/pages\/1055\/revisions"}],"predecessor-version":[{"id":5805,"href":"https:\/\/anne-thewes.de\/index.php?rest_route=\/wp\/v2\/pages\/1055\/revisions\/5805"}],"wp:featuredmedia":[{"embeddable":true,"href":"https:\/\/anne-thewes.de\/index.php?rest_route=\/wp\/v2\/media\/3329"}],"wp:attachment":[{"href":"https:\/\/anne-thewes.de\/index.php?rest_route=%2Fwp%2Fv2%2Fmedia&parent=1055"}],"curies":[{"name":"wp","href":"https:\/\/api.w.org\/{rel}","templated":true}]}}