{"id":393,"date":"2015-08-22T07:19:46","date_gmt":"2015-08-22T05:19:46","guid":{"rendered":"http:\/\/www.anne-thewes.de\/wp\/?page_id=393"},"modified":"2022-11-18T15:04:27","modified_gmt":"2022-11-18T13:04:27","slug":"homoeopathische-mittelbilder","status":"publish","type":"page","link":"https:\/\/anne-thewes.de\/?page_id=393","title":{"rendered":"Was ist eine &#8222;Hom\u00f6opathische Behandlung&#8220;?"},"content":{"rendered":"<p style=\"text-align: left;\"><strong>&#8222;F\u00fcr den Kranken ist das Wenigste das Beste&#8220;<\/strong> Hippokrates<\/p>\n<p style=\"text-align: right;\"><span style=\"text-decoration: underline;\"><strong><a href=\"http:\/\/anne-thewes.de\/wp-content\/uploads\/2015\/10\/299631_202792059788493_100001731020750_495500_1905657801_n-002.jpg\"><img decoding=\"async\" loading=\"lazy\" class=\"size-medium wp-image-1831 alignright\" src=\"http:\/\/anne-thewes.de\/wp-content\/uploads\/2015\/10\/299631_202792059788493_100001731020750_495500_1905657801_n-002-300x271.jpg\" alt=\"299631_202792059788493_100001731020750_495500_1905657801_n-002\" width=\"300\" height=\"271\" srcset=\"https:\/\/anne-thewes.de\/wp-content\/uploads\/2015\/10\/299631_202792059788493_100001731020750_495500_1905657801_n-002-300x271.jpg 300w, https:\/\/anne-thewes.de\/wp-content\/uploads\/2015\/10\/299631_202792059788493_100001731020750_495500_1905657801_n-002.jpg 960w\" sizes=\"(max-width: 300px) 100vw, 300px\" \/><\/a><\/strong><\/span><\/p>\n<p><strong>&#8222;Richtig angewandt ist die hom\u00f6opathische<br \/>\nKonstitutionsbehandlung die gro\u00dfartigste und wirksamste Heilmethode,<br \/>\ndie ich kenne.&#8220;<\/strong><\/p>\n<p>Die hom\u00f6opathische Behandlung erfasst den Menschen in seiner Ganzheit. Sie sieht den Charakter des Menschen, seine Vorgeschichte, seine Gewohnheiten und die seelischen und k\u00f6rperlichen Symptome sowie seine genetische Veranlagung.<\/p>\n<p><span style=\"text-decoration: underline;\"><strong>Charakterz\u00fcge als Puzzleteile:<br \/>\n<\/strong><\/span>Dabei ist es die Aufgabe eines Hom\u00f6opathen, diese Symptome wie Einzelteile eines Puzzles<br \/>\nso zusammen zusetzen, dass ein erkennbares Bild entsteht, um dann auf eine bestimmte <a href=\"http:\/\/anne-thewes.de\/?page_id=2239\">hom\u00f6opathische <\/a><a href=\"http:\/\/anne-thewes.de\/?page_id=2239\">Person\u00f6nlichkeit<\/a> und dann auf ein <a href=\"http:\/\/anne-thewes.de\/?page_id=2239\">Konstitutionsmittel<\/a> schlie\u00dfen zu k\u00f6nnen. Je einzigartiger die Charakterz\u00fcge eines Menschen sind, desto leichter ist es, das passende Mittel zu finden, das eine positive Resonanz im K\u00f6rper des Patienten hervorruft. Die ganz besonderen Charakterz\u00fcge sind oft der Schl\u00fcssel f\u00fcr eine erfolgreiche hom\u00f6opathische Behandlung.<br \/>\nLesen Sie ein Beispiel: Hom\u00f6opathische Arzneimittelbilder bei <a href=\"http:\/\/anne-thewes.de\/?page_id=1175\">seelischen Verletzungen<\/a>.<\/p>\n<p>Das Wissen \u00fcber die Hom\u00f6opathischen Mittelbilder wird durch <strong>\u201ehom\u00f6opathische Arzneimittelpr\u00fcfungen\u201c<\/strong> gewonnen. Daf\u00fcr nehmen gesunde Menschen das zu pr\u00fcfende Mittel ein, die Ausgangssubstanz oder die potenzierte Form der Arznei. Neu auftretende Symptome, wie die Ausbildung von Entz\u00fcndungen oder Ver\u00e4nderungen der Ausscheidungen werden genauestens beobachtet und protokolliert. Beachtet werden neben den k\u00f6rperlichen auch Ver\u00e4nderungen der Stimmung und der seelischen Befindlichkeit. Alle gewonnenen Erkenntnisse, die Gesamtheit der Symptome, bilden wie ein Puzzle das sog. <strong>Arzneimittelbild<\/strong> des hom\u00f6opathischen Mittels.<br \/>\n<strong><br \/>\nMERKE: Die hom\u00f6opathische Konstitutionsbehandlung geh\u00f6rt IMMER<br \/>\nin die Hand eines erfahrenen Hom\u00f6opathen!<\/strong><\/p>\n<p>Siehe auch: <a href=\"http:\/\/anne-thewes.de\/?page_id=2239\">Hom\u00f6opathische Pers\u00f6nlichkeiten oder Konstituionsmittel <\/a><\/p>\n<p><strong>Zur Behandlung chronischer Erkrankungen verwende ich in meiner Praxis <\/strong><br \/>\n<strong>\u201cHom\u00f6opathische Konstitutionsmittel, oder Einzelmittel\u201d, sogenannte \u201cPolychreste\u201d.<br \/>\n<\/strong><\/p>\n<p><strong><span style=\"text-decoration: underline;\"><a href=\"http:\/\/anne-thewes.de\/?page_id=2239\">Hom\u00f6opathische Konstitutionsmittel<\/a><\/span><\/strong><br \/>\n\u201eGro\u00dfe\u201c Mittel, die sogenannten Polychreste (Polychrest = f\u00fcr Vieles zu verwenden)<br \/>\nhaben ein sehr gro\u00dfes Wirkungsspektrum auf K\u00f6rper, Seele und Geist.<\/p>\n<p><span style=\"text-decoration: underline;\"><strong>Hom\u00f6opathische Akutmittel<\/strong><\/span><br \/>\nZur Behandlung akuter Erkrankungen setze ich sogenannte \u201ekleine\u201c Mittel ein. Sie wirken vorwiegend auf bestimmte Organe und sind daher den akuten Beschwerden zuzuordnen.<\/p>\n<p><span style=\"text-decoration: underline;\"><strong>Hom\u00f6opathische Komplexmittel<\/strong><\/span><br \/>\nManchmal setze ich in der Akutbehandlung auch Fertigarzneien ein, die sogenannten &#8222;Komplexmittel&#8220; der Pharmaindustrie. Hierbei handelt es sich um eine Zusammenstellung mehrerer kleiner, niedrig dosierter Einzelmittel mit organischer Wirkung.<\/p>\n<p><strong>Hier erfahren Sie mehr:<\/strong><br \/>\nKlicken unter Anwendungen auf den Link <a href=\"http:\/\/anne-thewes.de\/?page_id=2239\"><span style=\"text-decoration: underline;\"><strong>&#8222;Hom\u00f6opathische Pers\u00f6nlichkeiten&#8220;<\/strong>:<strong><br \/>\n<\/strong><\/span><\/a><br \/>\nDort finden Sie einige Beispiele f\u00fcr hom\u00f6opathische Pers\u00f6nlichkeiten!<\/p>\n","protected":false},"excerpt":{"rendered":"<p>&#8222;F\u00fcr den Kranken ist das Wenigste das Beste&#8220; Hippokrates &#8222;Richtig angewandt ist die hom\u00f6opathische Konstitutionsbehandlung die gro\u00dfartigste und wirksamste Heilmethode, die ich kenne.&#8220; Die hom\u00f6opathische Behandlung erfasst den Menschen in seiner Ganzheit. Sie sieht den Charakter des Menschen, seine Vorgeschichte, seine Gewohnheiten und die seelischen und k\u00f6rperlichen Symptome sowie seine genetische Veranlagung. Charakterz\u00fcge als Puzzleteile: [&hellip;]<\/p>\n","protected":false},"author":2,"featured_media":1542,"parent":87,"menu_order":2,"comment_status":"open","ping_status":"closed","template":"","meta":{"footnotes":""},"_links":{"self":[{"href":"https:\/\/anne-thewes.de\/index.php?rest_route=\/wp\/v2\/pages\/393"}],"collection":[{"href":"https:\/\/anne-thewes.de\/index.php?rest_route=\/wp\/v2\/pages"}],"about":[{"href":"https:\/\/anne-thewes.de\/index.php?rest_route=\/wp\/v2\/types\/page"}],"author":[{"embeddable":true,"href":"https:\/\/anne-thewes.de\/index.php?rest_route=\/wp\/v2\/users\/2"}],"replies":[{"embeddable":true,"href":"https:\/\/anne-thewes.de\/index.php?rest_route=%2Fwp%2Fv2%2Fcomments&post=393"}],"version-history":[{"count":131,"href":"https:\/\/anne-thewes.de\/index.php?rest_route=\/wp\/v2\/pages\/393\/revisions"}],"predecessor-version":[{"id":6554,"href":"https:\/\/anne-thewes.de\/index.php?rest_route=\/wp\/v2\/pages\/393\/revisions\/6554"}],"up":[{"embeddable":true,"href":"https:\/\/anne-thewes.de\/index.php?rest_route=\/wp\/v2\/pages\/87"}],"wp:featuredmedia":[{"embeddable":true,"href":"https:\/\/anne-thewes.de\/index.php?rest_route=\/wp\/v2\/media\/1542"}],"wp:attachment":[{"href":"https:\/\/anne-thewes.de\/index.php?rest_route=%2Fwp%2Fv2%2Fmedia&parent=393"}],"curies":[{"name":"wp","href":"https:\/\/api.w.org\/{rel}","templated":true}]}}