{"id":7343,"date":"2026-03-13T17:47:08","date_gmt":"2026-03-13T15:47:08","guid":{"rendered":"https:\/\/anne-thewes.de\/?page_id=7343"},"modified":"2026-03-13T17:49:45","modified_gmt":"2026-03-13T15:49:45","slug":"nahrungsmittelallergien","status":"publish","type":"page","link":"https:\/\/anne-thewes.de\/?page_id=7343","title":{"rendered":"Nahrungsmittelallergien"},"content":{"rendered":"<p align=\"left\"><strong>Kleiner Ern\u00e4hrungsleitfaden nicht nur f\u00fcr Kinderseelen:<\/strong><br \/>\n<strong>Latente Z\u00f6liakie<br \/>\n<\/strong><strong>Weizen- und Glutenunvertr\u00e4glichkeit<br \/>\n<\/strong><strong>sowie<br \/>\n<\/strong><strong>Milcheiwei\u00dfunvertr\u00e4glichkeit +<br \/>\n<\/strong><strong>Laktoseintoleranz<br \/>\n<\/strong><strong>\u00dcberforderungssyndrom<\/strong><\/p>\n<p><strong>\u00dcberforderung\u00a0<\/strong>macht sich breit. Die Symptome der kleinen Patienten sind oft schwer zu diagnostizieren, aber oft leiden die Kinder sehr und schon lange. Lassen Sie sich Zeit, probieren Sie nach und nach aus, was f\u00fcr Sie \u201eohne Stress\u201c machbar ist.<\/p>\n<p align=\"left\"><strong>Latente Z\u00f6liakie- Weizen und Glutenunvertr\u00e4glichkeit:<\/strong><br \/>\nMenschen mit latenter Z\u00f6liakie\u00a0<strong>haben keine oder nur wenig Symptome<\/strong>, k\u00f6nnen aber dennoch\u00a0 sp\u00e4ter, eine Entwicklung von Symptomen und\/oder Darmsch\u00e4den entwickeln.<br \/>\nUrsache ist der zunehmende Glutengehalt im Getreide.<\/p>\n<p align=\"left\">Forscher haben festgestellt, dass bestimmte Eiwei\u00dfe in die Hochleistungsgetreidesorten gezielt hinein gez\u00fcchtet werden, um das Getreide resistenter gegen Sch\u00e4dlinge zu machen. Hierauf reagieren sensible Menschen mit Unvertr\u00e4glichkeiten und oder Allergien.<\/p>\n<p align=\"left\"><strong>Die latente Z\u00f6liakie<\/strong>, die sich erst im Laufe des Lebens entwickeln kann, ist schwer feststellbar.<br \/>\nDer K\u00f6rper reagiert auf die Gluten-Transglutaminase-Komplexe als Fremdk\u00f6rper und reagiert allergisch. Die D\u00fcnndarmzotten leiden, die Darmschleimhaut ist gestresst und wird gesch\u00e4digt. Sie bildet sich zur\u00fcck und der Darm wird durchl\u00e4ssig. Das nennt man \u201eLeaky Gut \u2013 Syndrom\u201c. Die Folge sind M\u00fcdigkeit, Ersch\u00f6pfung und Atemnot \u2013 durch eine Eisenmangelan\u00e4mie =<br \/>\nbedingt durch einen Vitamin B 12 Mangel!<\/p>\n<p align=\"left\"><strong>N\u00e4hrstoffe, Vitamine, Mineralien,<\/strong><br \/>\naber auch Gifte, Stoffwechselprodukte und Bakterien gelangen \u00fcber die gesch\u00e4digte Darmschleimhaut direkt ins Blut und in die Leber und k\u00f6nnen hier psychische und k\u00f6rperliche Beschwerden, wie Unruhe, ADS, ADHS, Autismus \u2013 bis hin zu anaphylaktischen Schocks bei Anstrengung, hervorrufen.<br \/>\nVerbleibt Kalzium im Weichteilgewebe, entstehen Lymphstauungen und ein intrazellul\u00e4rer Magnesiummangel entsteht.<\/p>\n<p align=\"left\"><strong>Mineralstoffmangel<br \/>\n<\/strong>Die meisten Menschen, die an einer Unvertr\u00e4glichkeit leiden, nehmen weniger Vitamine und Mineralstoffe, besonders Kalzium und Magnesium, \u00fcber die Darmschleimhaut auf und es kommt zum Vitamin- und Mineralstoffmangel. Auch fordern uns die Wirkstoffverst\u00e4rker, wie Formaldehyd, Aluminium und Quecksilber, die in manchen Impfstoffen enthalten sind, heraus.<br \/>\nHier braucht der K\u00f6rper ganz besonders Vitamine und Mineralstoffe um eine Immunantwort leisten zu k\u00f6nnen. Ich empfehle hier unbedingt eine Impfausleitung.<br \/>\nFolgende Themen werden diskutiert.<br \/>\n<a href=\"https:\/\/anne-thewes.de\/?page_id=4645\">Aluminium kann sich an Proteine (Eiwei\u00dfe) binden, die normalerweise Eisen transportieren<\/a>.<br \/>\n<a href=\"https:\/\/anne-thewes.de\/?page_id=4645\">Aluminium kann sich an das Phosphat im Knochen binden.\u00a0 (<\/a><a href=\"https:\/\/anne-thewes.de\/?page_id=4645\">Anstatt Kalzium<\/a>).<\/p>\n<p>Das hei\u00dft, Kalzium wird durch Aluminium ersetzt und Kalzium fehlt im Knochen.<\/p>\n<p>Das Paul-Ehrtlich Institut ver\u00f6ffentlicht:<br \/>\nInaktivierte Impfstoffe, wie zum Beispiel Impfstoffe gegen Keuchhusten, FSME (Fr\u00fchsommer-Meningoenzephalitis), Meningokokken oder auch Tetanus- und Diphtherie-Impfstoffe, enthalten Aluminiumverbindungen als Wirkverst\u00e4rker. Dieser ist n\u00f6tig, weil solche Impfstoffe nur abget\u00f6tete Erreger oder Teile davon enthalten, die das Immunsystem ohne Wirkverst\u00e4rker nicht ausreichend stimulieren. Hier hilft der Wirkverst\u00e4rker dem Immunsystem, einen wirksamen Immunschutz aufzubauen.<\/p>\n<p>Sch\u00e4den durch ein ZUVIEL an Aluminium werden als eine \u201eNutzen-Risiko-Bilanz\u201c bezeichnet.<\/p>\n<p>Aluminium ist f\u00fcr alle Lebensformen der Erde giftig. Es wirkt sich auf alle chemischen Prozesse unseres Lebens sch\u00e4dlich aus. Kinder unter 5 Jahren sind gef\u00e4hrdeter als Erwachsene, weil ihre Blut-Hirnschranke durchl\u00e4ssig ist.<\/p>\n<p>Phosphor und Zucker: Zucker und Phosphat spielen im Leben von Kindern eine gro\u00dfe Rolle. Sie, als Eltern, kennen es vom \u201eAufgedrehtsein\u201c des Kindes nach Zuckergabe. Die Energieversorgung der Zelle ist abh\u00e4ngig von gen\u00fcgend Phosphor. Es ist das zentrale Element, um die Zelle mit Energie zu versorgen.<\/p>\n<p>Aluminium st\u00f6rt den Lichtstoffwechsel in den Zellen.<br \/>\nDer f\u00fcr unseren K\u00f6rper sehr wichtige Lichtstoffwechsel funktioniert auf der Basis von Biophotonen. Das im gro\u00dfen Lichtspeicher der DNA gespeicherte und informierte Licht, wird \u00fcber Phosphor der DNA dem K\u00f6rper zug\u00e4nglich gemacht. Dadurch, dass Aluminium Phosphor bindet, also inaktiviert, kann der Phosphorprozess in seiner durchlichtenden Art<br \/>\n(Licht ins Dunkle = Erleuchtung) unterbunden werden. Als Ersatz nimmt der K\u00f6rper dann den Zucker. Doch ohne Phosphor und statt Zucker strahlen die Kinder nicht mehr, sie wirken ersch\u00f6pft und antriebslos.<br \/>\nDas Kind erh\u00e4lt keine Lichtinformation mehr.<\/p>\n<p>Potentiertes Phosphor kann hier wahre Wunder vollbringen.<br \/>\nPhosphor ist \u00dcberlebensnotwenig f\u00fcr alle lichtbringenden aufbauenden Prozesse.<\/p>\n<p align=\"left\">Au\u00dferdem steht Aluminium im Verdacht, die Giftwirkung von Fluor zu verst\u00e4rken und umgekehrt. Dabei ist zu beachten, dass Fluor (in Form von Fluortabletten, Zahnpasta oder Zahnsp\u00fclungen und fluoriertem Speisesalz) nicht vom K\u00f6rper ausgeschieden wird, sondern sich im K\u00f6rper, gerne in der Schilddr\u00fcse, anreichert.<\/p>\n<p align=\"left\"><strong>Substituieren<\/strong>\u00a0Sie Mineralstoffe in Form von Nahrungsmitteln wie:<br \/>\nHimalayasalz, Steinsalz naturbelassen<br \/>\nEvtl. Meersalz mit Algen (Jod)<br \/>\nMandeln, N\u00fcsse, Saaten, Gomasio,<br \/>\nHonig, Trockenfr\u00fcchte, Ahornsirup,<br \/>\nGesunde \u00d6le, wie Lein\u00f6l oder Hanf\u00f6l<br \/>\nHeilpilze, wie Reishi oder Cordyceps.<\/p>\n<p><strong>Meiden<\/strong>\u00a0Sie dringend jodiertes und fluoriertes Salz!<br \/>\nMeiden Sie Zucker.<br \/>\nSchalten Sie nachts W-LAN aus und<br \/>\nlagern Sie kein Handy oder Babyphone in der N\u00e4he eines Kinderschlafplatzes.<br \/>\nEntst\u00f6ren Sie gerne ihre Elektroger\u00e4te.<br \/>\n\u201eNetzfreischalter\u201c. \u201eHandy-Sticker.\u201c<\/p>\n<p align=\"left\">Wer unter einer Weizen- oder Glutenunvertr\u00e4glichkeit leidet, sollte komplett auf glutenhaltige Lebensmittel verzichten. Dazu geh\u00f6ren z.B. Weizenprodukte, Dinkel, Roggen, sowie glutenhaltige Lebensmittel- Zusatzstoffe wie z.B. Geschmacksverst\u00e4rker, Stabilisatoren oder Verdickungsmittel. Verboten sind: Herk\u00f6mmliches Brot, Pasta, Pizza und sehr viele Fertiggerichte.<\/p>\n<p align=\"left\">Sie bekommen glutenfreie Produkte in Reformh\u00e4usern, Biol\u00e4den, Drogeriem\u00e4rkten und Superm\u00e4rkten. B\u00e4cker Sch\u00fcren bietet Dienstags und Freitags frisches glutenfreies Brot an.<\/p>\n<p><strong>Glutenhaltige Getreidesorten!<\/strong><br \/>\n<strong>Weizen, Dinkel, Gerste, Roggen<\/strong><br \/>\n<strong>Kamut, Hartweizen, Grie\u00df, Graupen, Couscous, Bulgur, Malz<\/strong><\/p>\n<p align=\"left\"><strong>Getreidesorten glutenfrei<\/strong><br \/>\nEmmermehl, Reismehl, Mandelmehl, Hafermehl, Mais, Soja, Tapioka, Buchweizen, Braunhirse, Hirse, Amaranth, Quinoa, Lupine, Hanf, Hafer.<br \/>\nBrot aus glutenfreien Mehlsorten \u2013 siehe<br \/>\nFertigmischungen im Bioladen!<br \/>\nFa. Bauck M\u00fchle und Sch\u00e4r<\/p>\n<p align=\"left\">Beilagen<br \/>\nReis, Amaranth, Quinoa, Buchweizen,<br \/>\nGlutenfreie Nudeln<br \/>\n\u201eRapunzel\u201c oder \u201eSch\u00e4r\u201c<br \/>\n(Emmer, Mais, Reis, Hafer, Buchweizen)<br \/>\nHaferflocken, glutenfrei bei DM<br \/>\nKartoffeln, S\u00fc\u00dfkartoffeln<\/p>\n<p align=\"left\"><strong>Allergie auf Milcheiwei\u00df und Milchzucker<br \/>\n<\/strong>Hinsichtlich der Allergien, wird das Laktalbumin, ein Eiwei\u00df der Kuhmilch, und auch das Kasein f\u00fcr die allergischen Reaktionen verantwortlich gemacht. Der K\u00f6rper bildet gegen diese \u201eAntigene\u201c Antik\u00f6rper. Oft hervorgerufen durch auf H\u00fchnereiwei\u00df oder Embryoneneiwei\u00df gez\u00fcchtete Impfstoffe.<br \/>\nDer K\u00f6rper bildet Histamin, welches dann im K\u00f6rper Entz\u00fcndungen hervorruft.<\/p>\n<p><strong>Nicht zu verwechseln mit: Laktoseintoleranz = Milchzuckerunvertr\u00e4glichkeit!<\/strong><br \/>\nLaktose, der Milchzucker ist ein sogenannter Zweifachzucker \u2013 er besteht aus den zwei Zuckerbausteinen \u2013 Schleimzucker (Galaktose) und Traubenzucker (Glukose).<br \/>\nBei der Verdauung spalten Enzyme im Darm die Laktose in ihre beiden Bestandteile auf. Die kleineren Zuckereinheiten, also der Schleimzucker und der Traubenzucker, gelangen \u00fcber die Schleimhaut des D\u00fcnndarms ins Blut. Das spezielle Enzym, das den Milchzucker im Darm spaltet, hei\u00dft Laktase.<br \/>\nEin Laktasemangel f\u00fchrt zu Laktoseintoleranz: Der Magen-Darm-Trakt kann den Milchzucker nicht verdauen. Statt ins Blut, gelangt die Laktose unverdaut in den Dickdarm. Dort verg\u00e4ren verschiedene Darmbakterien den Milchzucker zu Fetts\u00e4uren und Gasen, aber auch zu anderen Stoffwechselprodukten, welche die Darmschleimhaut reizen k\u00f6nnen.<\/p>\n<p align=\"left\"><strong>Beachten Sie weiterhin:<\/strong><br \/>\nStresshormone durch Massentierhaltung und Schlachtmethoden befinden sich im Fleisch.<br \/>\nBelastung der Milch durch Antibiotika, Hormone, Schwermetalle, Pestizide.<br \/>\nDie Prim\u00e4rallergie \u201eMilch\u201c erzeugt eine Sekund\u00e4rallergie!(Weizen, Gluten, Histamin)<\/p>\n<table width=\"653\" cellspacing=\"0\" cellpadding=\"0\">\n<tbody>\n<tr>\n<th width=\"140\">Produkt<\/th>\n<th width=\"261\">erlaubt<\/th>\n<th width=\"252\">Negativ-Liste<\/th>\n<\/tr>\n<tr>\n<td width=\"140\">Gem\u00fcse<\/td>\n<td width=\"261\">alle Gem\u00fcsesorten natur<\/td>\n<td width=\"252\"><\/td>\n<\/tr>\n<tr>\n<td width=\"140\">Obst<\/td>\n<td width=\"261\">Obst frisch, getrocknet, Kompotte,<\/td>\n<td width=\"252\"><\/td>\n<\/tr>\n<tr>\n<td width=\"140\">Milch<\/td>\n<td width=\"261\">Reismilch, Sojamilch, Mandelmilch, Hafermilch, Dinkelmilch. Kokosmilch<\/td>\n<td width=\"252\">Milch, Joghurt, Sauermilch, Kefir, Buttermilch, Quark, K\u00e4se, Molke, Kakao, Speiseeis, Laktose<\/td>\n<\/tr>\n<tr>\n<td width=\"140\">Fleisch<\/td>\n<td width=\"261\">Fleisch natur \u2013<br \/>\nohne Schweinefleisch<\/td>\n<td width=\"252\"><\/td>\n<\/tr>\n<tr>\n<td width=\"140\">Ei<\/td>\n<td width=\"261\">alle Eigerichte ohne Milch<\/td>\n<td width=\"252\"><\/td>\n<\/tr>\n<tr>\n<td width=\"140\">Fisch<\/td>\n<td width=\"261\">Fisch natur<\/td>\n<td width=\"252\"><\/td>\n<\/tr>\n<tr>\n<td width=\"140\">Fette\/<\/p>\n<p>Brotaufstrich<\/td>\n<td width=\"261\">Raps, Lein\u00f6l, Kokos\u00f6l Ghee. Butter und Sahne ist erlaubt.<br \/>\nMarmeladen, Honig, Wurst ohne Milch<\/td>\n<td width=\"252\">Nutella<\/td>\n<\/tr>\n<tr>\n<td width=\"140\">Gew\u00fcrze<\/td>\n<td width=\"261\">alle Gew\u00fcrze<\/td>\n<td width=\"252\">Salatsaucen oder Mayonnaisen auf Joghurt-Basis,<\/td>\n<\/tr>\n<tr>\n<td width=\"140\">Sonstiges<\/td>\n<td width=\"261\">Bitterschokolade, Marzipan, Gelee<\/td>\n<td width=\"252\">Milchschokolade, Nougat, Speiseeis, bei Fertiggerichten \u2013<br \/>\nauf Zutatenliste achten!<\/td>\n<\/tr>\n<tr>\n<td width=\"140\">Ersatz<\/td>\n<td width=\"261\">Mandelmus, Cashewmus, Sesammus (Tahin) Erdnussmus oder Erdnussbutter<\/td>\n<td width=\"252\">Milch, Milchpulver, Magermilchpulver, Milcheiwei\u00df, Casein, Molkeneiwei\u00df<\/td>\n<\/tr>\n<\/tbody>\n<\/table>\n<p align=\"left\">Beachte: Tierische Eiwei\u00dfe sind Kalzium R\u00e4uber, oder Kalziumausscheider.<br \/>\nSie sind s\u00e4urebildend und f\u00f6rdern die<br \/>\nFreisetzung von Kalzium aus dem Knochen.<\/p>\n<h6 align=\"left\">Literatur:<br \/>\nSpiritualit\u00e4t und Impfen<br \/>\nWie Impfungen die Entwicklung des spirituellen Bewusstseins behindern oder verhindern k\u00f6nnen.<br \/>\nDaniel Trappitsch<\/h6>\n<p>IMPULS Das unabh\u00e4ngige Magazin f\u00fcr selbstverantwortete Gesundheit 2\/2016<\/p>\n<h6>\u201eDie Wirksamkeit aller hier vorgestellten Verfahren ist wissenschaftlich \/ schulmedizinisch nicht bewiesen\u201d.<\/h6>\n<h4><\/h4>\n<h4><\/h4>\n<p>[<a class=\"post-edit-link\" href=\"https:\/\/anne-thewes.de\/wp-admin\/post.php?post=7338&amp;action=edit\">Edit<\/a>]<\/p>\n","protected":false},"excerpt":{"rendered":"<p>Kleiner Ern\u00e4hrungsleitfaden nicht nur f\u00fcr Kinderseelen: Latente Z\u00f6liakie Weizen- und Glutenunvertr\u00e4glichkeit sowie Milcheiwei\u00dfunvertr\u00e4glichkeit + Laktoseintoleranz \u00dcberforderungssyndrom \u00dcberforderung\u00a0macht sich breit. Die Symptome der kleinen Patienten sind oft schwer zu diagnostizieren, aber oft leiden die Kinder sehr und schon lange. Lassen Sie sich Zeit, probieren Sie nach und nach aus, was f\u00fcr Sie \u201eohne Stress\u201c machbar ist. [&hellip;]<\/p>\n","protected":false},"author":2,"featured_media":7345,"parent":4617,"menu_order":2,"comment_status":"closed","ping_status":"closed","template":"","meta":{"footnotes":""},"_links":{"self":[{"href":"https:\/\/anne-thewes.de\/index.php?rest_route=\/wp\/v2\/pages\/7343"}],"collection":[{"href":"https:\/\/anne-thewes.de\/index.php?rest_route=\/wp\/v2\/pages"}],"about":[{"href":"https:\/\/anne-thewes.de\/index.php?rest_route=\/wp\/v2\/types\/page"}],"author":[{"embeddable":true,"href":"https:\/\/anne-thewes.de\/index.php?rest_route=\/wp\/v2\/users\/2"}],"replies":[{"embeddable":true,"href":"https:\/\/anne-thewes.de\/index.php?rest_route=%2Fwp%2Fv2%2Fcomments&post=7343"}],"version-history":[{"count":3,"href":"https:\/\/anne-thewes.de\/index.php?rest_route=\/wp\/v2\/pages\/7343\/revisions"}],"predecessor-version":[{"id":7347,"href":"https:\/\/anne-thewes.de\/index.php?rest_route=\/wp\/v2\/pages\/7343\/revisions\/7347"}],"up":[{"embeddable":true,"href":"https:\/\/anne-thewes.de\/index.php?rest_route=\/wp\/v2\/pages\/4617"}],"wp:featuredmedia":[{"embeddable":true,"href":"https:\/\/anne-thewes.de\/index.php?rest_route=\/wp\/v2\/media\/7345"}],"wp:attachment":[{"href":"https:\/\/anne-thewes.de\/index.php?rest_route=%2Fwp%2Fv2%2Fmedia&parent=7343"}],"curies":[{"name":"wp","href":"https:\/\/api.w.org\/{rel}","templated":true}]}}