{"id":87,"date":"2015-05-01T19:42:52","date_gmt":"2015-05-01T17:42:52","guid":{"rendered":"http:\/\/www.anne-thewes.de\/wp\/?page_id=87"},"modified":"2025-05-23T18:17:18","modified_gmt":"2025-05-23T16:17:18","slug":"das-biete-ich-ihnen","status":"publish","type":"page","link":"https:\/\/anne-thewes.de\/?page_id=87","title":{"rendered":"Angebot"},"content":{"rendered":"<p><strong>&#8222;Die wirksamste Medizin ist die nat\u00fcrliche Heilkraft, die im Inneren<br \/>\neines jeden von uns liegt.&#8220;<br \/>\n<\/strong>Hippokrates von Kos<\/p>\n<p>Ich biete Ihnen:<br \/>\nEine ganzheitliche Beratung &#8211;<br \/>\n<strong> dazu geh\u00f6rt:<\/strong><\/p>\n<p style=\"text-align: left;\"><strong><a href=\"http:\/\/anne-thewes.de\/?page_id=62\"><span style=\"text-decoration: underline;\">Klassische Hom\u00f6opathie &#8211; Miasmatik<\/span><\/a><br \/>\n<\/strong><strong>Ausf\u00fchrliche <\/strong><strong>Aufkl\u00e4rung und Beratung <\/strong><br \/>\n<strong>Gr\u00fcndliche Erstanamnese<\/strong><br \/>\nmit Familienanamnese und Recherche<br \/>\nsowie: Ursachenforschung.<br \/>\nWann hat das Problem angefangen?<\/p>\n<p><span style=\"text-decoration: underline;\"><strong>Zielsichere Verordnung<\/strong><\/span><br \/>\nhom\u00f6opathischer Einzelmittel durch eine<br \/>\ngr\u00fcndliche Ausbildung und langj\u00e4hrige<br \/>\nBerufserfahrung.<\/p>\n<p><strong><span style=\"text-decoration: underline;\"><a href=\"http:\/\/anne-thewes.de\/?page_id=79\">Kinesiologische Diagnostik<\/a><\/span><\/strong><br \/>\nOrgancheck, Allergietest,<br \/>\nHerd- und Zahnherddiagnostik,<br \/>\nTest auf Nahrungsmittelunvertr\u00e4glichkeiten<br \/>\nTest auf Vitamin- und Mineralstoffmangel.<\/p>\n<p><strong><span style=\"text-decoration: underline;\">Schwermetallausleitung<\/span><br \/>\n<\/strong><a href=\"http:\/\/anne-thewes.de\/?p=2317\">Amalgamausleitung (siehe Link News)<strong><br \/>\n<\/strong>Aluminiumausleitung (siehe Link News)<strong><br \/>\n<\/strong><\/a><\/p>\n<p><span style=\"text-decoration: underline;\"><strong><a href=\"http:\/\/anne-thewes.de\/?page_id=117\">Ern\u00e4hrungsberatung<\/a><\/strong><\/span><\/p>\n<p><span style=\"text-decoration: underline;\"><strong><a href=\"http:\/\/anne-thewes.de\/?page_id=83\">Methoden zur Stressreduzierung<\/a><\/strong><\/span><\/p>\n<p><span style=\"text-decoration: underline;\"><strong>Wer sind meine Patienten?<\/strong><\/span><br \/>\nErwachsene, Senioren, Bettl\u00e4grige, Jugendliche, Kinder und Babys<\/p>\n<p>\u201eDie Wirksamkeit aller hier vorgestellten Verfahren ist wissenschaftlich \/ schulmedizinisch nicht bewiesen\u201d.<\/p>\n","protected":false},"excerpt":{"rendered":"<p>&#8222;Die wirksamste Medizin ist die nat\u00fcrliche Heilkraft, die im Inneren eines jeden von uns liegt.&#8220; Hippokrates von Kos Ich biete Ihnen: Eine ganzheitliche Beratung &#8211; dazu geh\u00f6rt: Klassische Hom\u00f6opathie &#8211; Miasmatik Ausf\u00fchrliche Aufkl\u00e4rung und Beratung Gr\u00fcndliche Erstanamnese mit Familienanamnese und Recherche sowie: Ursachenforschung. Wann hat das Problem angefangen? Zielsichere Verordnung hom\u00f6opathischer Einzelmittel durch eine gr\u00fcndliche [&hellip;]<\/p>\n","protected":false},"author":2,"featured_media":6607,"parent":552,"menu_order":2,"comment_status":"open","ping_status":"closed","template":"","meta":{"footnotes":""},"_links":{"self":[{"href":"https:\/\/anne-thewes.de\/index.php?rest_route=\/wp\/v2\/pages\/87"}],"collection":[{"href":"https:\/\/anne-thewes.de\/index.php?rest_route=\/wp\/v2\/pages"}],"about":[{"href":"https:\/\/anne-thewes.de\/index.php?rest_route=\/wp\/v2\/types\/page"}],"author":[{"embeddable":true,"href":"https:\/\/anne-thewes.de\/index.php?rest_route=\/wp\/v2\/users\/2"}],"replies":[{"embeddable":true,"href":"https:\/\/anne-thewes.de\/index.php?rest_route=%2Fwp%2Fv2%2Fcomments&post=87"}],"version-history":[{"count":78,"href":"https:\/\/anne-thewes.de\/index.php?rest_route=\/wp\/v2\/pages\/87\/revisions"}],"predecessor-version":[{"id":4828,"href":"https:\/\/anne-thewes.de\/index.php?rest_route=\/wp\/v2\/pages\/87\/revisions\/4828"}],"up":[{"embeddable":true,"href":"https:\/\/anne-thewes.de\/index.php?rest_route=\/wp\/v2\/pages\/552"}],"wp:featuredmedia":[{"embeddable":true,"href":"https:\/\/anne-thewes.de\/index.php?rest_route=\/wp\/v2\/media\/6607"}],"wp:attachment":[{"href":"https:\/\/anne-thewes.de\/index.php?rest_route=%2Fwp%2Fv2%2Fmedia&parent=87"}],"curies":[{"name":"wp","href":"https:\/\/api.w.org\/{rel}","templated":true}]}}