{"id":975,"date":"2015-09-18T22:35:28","date_gmt":"2015-09-18T20:35:28","guid":{"rendered":"http:\/\/www.anne-thewes.de\/wp\/?page_id=975"},"modified":"2026-01-20T13:22:36","modified_gmt":"2026-01-20T11:22:36","slug":"zu-meiner-person","status":"publish","type":"page","link":"https:\/\/anne-thewes.de\/?page_id=975","title":{"rendered":"Zu meiner Person"},"content":{"rendered":"<p><strong>&#8222;In dir muss brennen,<\/strong><br \/>\n<strong> was du in anderen entz\u00fcnden willst.&#8220;<\/strong><br \/>\nAurelius Augustinus<\/p>\n<p><strong>Anne Thewes,<br \/>\n1958 in Solingen geboren, <\/strong>verheiratet, Mutter von 2 S\u00f6hnen.<\/p>\n<p>Als Tochter eines Heilpraktikers bin ich der Naturheilkunde nat\u00fcrlich sehr verbunden.<\/p>\n<p>Ich begann meine Heilpraktiker-Laufbahn 1993 mit einem Praktikum in der Praxis meines Vaters. Hier lernte ich traditionelle Heilmethoden kennen, wie die Irisdiagnose, Neuraltherapie, Ausleitungsverfahren, Fu\u00dfreflexzonenmassage, Lymphdrainage, Schr\u00f6pfen und Baunscheidtieren. Ich arbeitete auch mit modernen Heilverfahren, der Bioresonanztherapie und der Farbakupunktur. All dieses Wissen bereichert heute meine Praxisarbeit.<\/p>\n<p>Ein Praktikum in einer naturheilkundlichen Arztpraxis und ein Praktikum in einer Praxis f\u00fcr Chiropraktik nach Ackermann folgten.<\/p>\n<p>1995 machte ich die erste Kinesiologieausbildung brain-gym 1+2. Schnell merkte ich, dass Kinesiologie mehr zu bieten hat, als Lernblockaden zu l\u00f6sen. Kurse in Analytischer <a href=\"http:\/\/anne-thewes.de\/?page_id=79\">Kinesiologie<\/a>, Touch for health, One brain und kinesiologischer Allergiebehandlung folgten.<\/p>\n<p>Um mehr \u00fcber Meridianarbeit ( Meridiane sind Leitbahnen in denen die Energie flie\u00dft ) zu erfahren, besuchte ich in D\u00fcsseldorf Akupunktur-Kurse.<\/p>\n<p>Seit meiner Jugend besch\u00e4ftige ich mich mit den Arzneimittelbildern der <a href=\"http:\/\/anne-thewes.de\/?page_id=2239\">Klassischen Hom\u00f6opathie<\/a>. Zahlreiche Ausbildungen folgten und die Klassische, miasmatische Hom\u00f6opathie ist heute DER Schwerpunkt meiner Praxisarbeit.<\/p>\n<p>Zahlreiche Kurse (<a href=\"http:\/\/anne-thewes.de\/?page_id=90\">Sensitiver Lebensberater<\/a> und Miasmatik) bei Rosina Sonnenschmidt und Harald Knauss bereichern heute meinen Praxisalltag.<\/p>\n<p>W\u00e4hrend meiner langj\u00e4hrigen Zirkelarbeit (Arbeitsgruppe der Sensitiven Lebensberater) vertiefen sich die Erfahrungen und die Erkenntnisse auf ein Vielfaches. Immer wieder staunen meine Kolleginnen und ich, welche wunderbaren M\u00f6glichkeiten uns durch diese &#8222;sensitive Arbeit&#8220; gegeben sind.<\/p>\n<p>Als ein Geschenk habe ich meine ersten Erfahrungen mit der <a href=\"http:\/\/anne-thewes.de\/?page_id=83\">Quantenheilung<\/a> empfunden. &#8222;Eine Welle&#8220; zu erfahren und das EU-GEF\u00dcHL zu erleben, erweiterten meine Therapiem\u00f6glichkeiten immens. Seit meiner Ausbildung bei Richard Bartlett\u00b4s Matrix Energetics &#8211; Level 1 und 2 integriere ich die Quantentherapie in meine Praxisarbeit. Das Buch von Frank Kinslow: &#8222;Quantenheilung: Wirkt sofort &#8211; und jeder kann es lernen&#8220;, empfehle ich als Einstieg jedem, der sich daf\u00fcr interessiert.<\/p>\n<p>Nach mehreren Chakrabl\u00fcten Seminaren bei Carola Lage &#8211; Roy finden die Chakrabl\u00fcten Essenzen in meiner Praxis ihre Anwendung. Diese besonders sanft wirkenden pflanzlichen Essenzen sind eine wunderbare Kombination und Erg\u00e4nzung zur Klassischen Hom\u00f6opathie und Bachbl\u00fcten Therapie.<\/p>\n<p><a href=\"http:\/\/anne-thewes.de\/?page_id=956\">&#8222;R.E.S.E.T.&#8220;<\/a>, die Behandlungsmethode zur Nierenenergetisierung und Kieferentspannung ist ein wunderbares, einfaches und sanftes Behandlungssystem. Durch das sanfte Auflegen der H\u00e4nde auf die Kiefermuskulatur, k\u00f6nnen Verspannungen gel\u00f6st und der ganze K\u00f6rper positiv beeinflusst werden.<\/p>\n<p>Faszinierend finde ich die Spagyrischen Mittel der Firma PHYLAK. Hier erlebe ich spannende Einsatzm\u00f6glichkeiten in Kombination zu meinen erprobten hom\u00f6opathischen Mitteln.<\/p>\n<p><strong>Die Arbeit mit <a href=\"https:\/\/anne-thewes.de\/?page_id=1850\">Streptococcinum<\/a> &#8211; Der Kreis schlie\u00dft sich:<\/strong><\/p>\n<p>Heute habe ich eine Karte aus dem Kartendeck: Maria Magdalena<br \/>\n\u201eR\u00fcckkehr und Heilung der Weiblichkeit\u201c gezogen.<\/p>\n<p>Und ich habe die 13 gezogen und lese folgendes:<br \/>\nWenn dir die 13 begegnet, so ist das ein Zeichen daf\u00fcr, dass ein Kreis sich vollendet und in eine neue Ebene gehen kann. Wichtig ist es, die Kreise zu schlie\u00dfen, damit sich die neuen Kreise \u00f6ffnen k\u00f6nnen.<\/p>\n<p>Ja! Genau so sp\u00fcre ich es auch. Ja. Genau so.<\/p>\n<p>Ich begann meine Streptococcinum Reise mit meiner ersten Mandelentz\u00fcndung in meiner Kindheit, damals schrieb ich noch als eine der Ersten mit Dr. Andreas Tilch und er beriet mich liebevoll.<\/p>\n<p>Das Streptococcinum ging mit mir in Resonanz, wie keine andere hom\u00f6opathische Essenz.<br \/>\nMein Leben lang war ich auf der Suche, nach dem Schl\u00fcssel in meinem Leben.<\/p>\n<p>Und schnell begann ich das C 5 verriebene Streptococcinum Tilch\u00a0 auch meinen Patienten zu geben und es stellte sich, besonders in der neuen C 5 Potenz, als ein Retter\u00a0 in Krisen heraus. Es stellte sich als ein Tr\u00f6ster heraus, der uns allen das Gef\u00fchl gab, gehalten zu sein!<\/p>\n<p>Schnell schrieb ich die ersten unglaublichen Geschichten auf und war zutiefst ber\u00fchrt, von dem, was ich, was wir\u2026 meine Patienten und ich erlebten.<\/p>\n<p>Mein Prozess ging immer tiefer und immer und wieder steckte ich in einem Geburtskanal, und immer und immer wieder wurde ich neu geboren. Immer und immer wieder brachte das Streptococcinum eine neue Schicht hervor, die es nun zu bearbeiten galt, anzuschauen galt, die es dann zu w\u00fcrdigen und zu l\u00f6sen galt. In jeder Wunde steckt ein Wunder. Streptococciunum und Dr. Andreas Tilch sei Dank.<\/p>\n<p align=\"left\"><strong>Seminar bei Lars Muhl und Naleea Landmann.<\/strong><br \/>\n<strong>DIE GOTTES-FORMEL<\/strong><\/p>\n<p align=\"left\">Besonders dankbar bin ich Lars Muhl und Naleea Landmann, die mich lehrten,<br \/>\nmich mit meiner inneren Essenz, meinem Licht und meiner Liebe zu verbinden. Dieses Licht ist immer in mir vorhanden und bietet mir F\u00fchrung, Inspiration und Geborgenheit.<\/p>\n<p align=\"left\">Auf ihre ganz eigene Art und Weise arbeiten der d\u00e4nische Autor, Musiker und Mystiker Lars Muhl und Naleea Landmann mit heilenden Frequenzen, uralten Essenischen Weisheiten und Praktiken, heiligen Ges\u00e4ngen, Kl\u00e4ngen und Gebet.<\/p>\n<p align=\"left\">&#8222;Gemeinsam k\u00f6nnen wir eine neue Art des Miteinanders in dieser Welt schaffen. Und die Welt wird sich mit uns ver\u00e4ndern.\u201c Lars Muhl<\/p>\n<p align=\"left\">&#8222;An jedem neuen Morgen erwache ich mit einem Herzen voller Liebe\u201c.<br \/>\nNaleea Landmann<\/p>\n<p align=\"left\">Seit 2022 arbeite ich mit den Heilkarten von dem Heilpraktiker und Hom\u00f6opathen Felix Idris Baritsch und der Filmemacherin und Maria von Blumencron. Sie hat die Karten gestaltet.<br \/>\nMit Hilfe der Karten stellen wir ein Heilwasser her, dass zur L\u00f6sung bestimmter Lebensthemen geeignet ist. Die Anwendung des Heilwassers empfinden ich und meine Patienten als eine sehr gro\u00dfe Bereicherung zur Aufarbeiten unserer Lebensthemen. Ich durfte dich, lieber Felix, kurz vor deinem Tot nur telefonisch kennenlernen. Danke f\u00fcr diese kurzen Momente, die wir dort hatten.<br \/>\nIch teile etwas von deiner Homepage:<\/p>\n<div class=\"tit_site begleiten\">\n<h2>begleiten<\/h2>\n<p align=\"left\"><strong>Worte von Felix Baritsch<\/strong><\/p>\n<p>Schon Buddha sagte, dass das Leiden endet, wenn die Ursachen wegfallen. Diese aber, m\u00fcssen richtig erkannt und der Weg zur Heilung gegangen werden. Manche Wege gehen schneller, andere brauchen mehr Zeit &#8211; wie in der Natur.<\/p>\n<p>Neben der Erkenntnis und Planung des Weges ist eine erfahrene und umfassende Begleitung hilfreich \u2013 physisch, psychisch und spirituell. Diese biete ich jeder Person an, die sie zur Gesundung und der Gestaltung des inneren Weges, und\/oder f\u00fcr andere Projekte in Anspruch nehmen m\u00f6chte.<\/p>\n<p>Im Januar 2026 nahm ich hier in Solingen am Starter Seminar &#8222;<strong>Powerflow by Tom M\u00f6gele&#8220;\u00a0<\/strong>teil. Hier f\u00fchlte ich mich, wie schon so oft, wie zu Hause angekommen, denn den erh\u00f6hten Bewusstseinszustand, erfahren wir immer wieder w\u00e4hrend der Anwendung hom\u00f6opathischer Arzneien, besonders, wenn wir uns im Streptococcinum Zustand befinden! Tom M\u00f6gele nennt diesen Zustand das <strong>G4.<br \/>\n<\/strong>Wir befinden uns im Zeitalter der Energieanhebung. Viele Menschen werden immer sensitiver, sensibler und feinf\u00fchliger. Wir empfangen immer leichter Informationen aus dem geistigen, spirituellen und energetischen Energiefeld. Wir verstehen immer mehr Zusammenh\u00e4nge. Die Heilung von K\u00f6rper, Seele und Geist gelingt, durch die Anbindung nach oben, immer schneller und leichter. Von erh\u00f6htem Bewusstseinszustand profitieren wir alle. Jeder, der sich in diesem Feld befindet, pr\u00e4gt auch sein Umfeld mit. Gerade in dieser Zeit erwachen immer mehr Menschen und bringen LICHT in diese Welt! Ich freue mich drauf!<\/p>\n<\/div>\n<p>Seit 1997 habe ich eine eigene Praxis.<\/p>\n<p>Seit Dezember 2016 befindet sich meine <a href=\"http:\/\/anne-thewes.de\/?page_id=15\">Praxis in der Villa Lindenhof<\/a> auf der Neuenhofer Str. 39<br \/>\n42657\u00a0 Solingen-H\u00f6hscheid.<\/p>\n<p>&nbsp;<\/p>\n","protected":false},"excerpt":{"rendered":"<p>&#8222;In dir muss brennen, was du in anderen entz\u00fcnden willst.&#8220; Aurelius Augustinus Anne Thewes, 1958 in Solingen geboren, verheiratet, Mutter von 2 S\u00f6hnen. Als Tochter eines Heilpraktikers bin ich der Naturheilkunde nat\u00fcrlich sehr verbunden. Ich begann meine Heilpraktiker-Laufbahn 1993 mit einem Praktikum in der Praxis meines Vaters. Hier lernte ich traditionelle Heilmethoden kennen, wie die [&hellip;]<\/p>\n","protected":false},"author":2,"featured_media":4083,"parent":2,"menu_order":1,"comment_status":"closed","ping_status":"closed","template":"","meta":{"footnotes":""},"_links":{"self":[{"href":"https:\/\/anne-thewes.de\/index.php?rest_route=\/wp\/v2\/pages\/975"}],"collection":[{"href":"https:\/\/anne-thewes.de\/index.php?rest_route=\/wp\/v2\/pages"}],"about":[{"href":"https:\/\/anne-thewes.de\/index.php?rest_route=\/wp\/v2\/types\/page"}],"author":[{"embeddable":true,"href":"https:\/\/anne-thewes.de\/index.php?rest_route=\/wp\/v2\/users\/2"}],"replies":[{"embeddable":true,"href":"https:\/\/anne-thewes.de\/index.php?rest_route=%2Fwp%2Fv2%2Fcomments&post=975"}],"version-history":[{"count":44,"href":"https:\/\/anne-thewes.de\/index.php?rest_route=\/wp\/v2\/pages\/975\/revisions"}],"predecessor-version":[{"id":7268,"href":"https:\/\/anne-thewes.de\/index.php?rest_route=\/wp\/v2\/pages\/975\/revisions\/7268"}],"up":[{"embeddable":true,"href":"https:\/\/anne-thewes.de\/index.php?rest_route=\/wp\/v2\/pages\/2"}],"wp:featuredmedia":[{"embeddable":true,"href":"https:\/\/anne-thewes.de\/index.php?rest_route=\/wp\/v2\/media\/4083"}],"wp:attachment":[{"href":"https:\/\/anne-thewes.de\/index.php?rest_route=%2Fwp%2Fv2%2Fmedia&parent=975"}],"curies":[{"name":"wp","href":"https:\/\/api.w.org\/{rel}","templated":true}]}}